 what is -17 - 9a?
-106
In base 2, what is 1111 + 10110?
100101
In base 10, what is 18 - -3?
21
In base 12, what is 514 - 0?
514
In base 4, what is -10 + 10130?
10120
In base 6, what is -11 + -30543?
-30554
In base 13, what is 4a - 4?
46
In base 2, what is 11 + 11010100?
11010111
In base 13, what is 2 - -162?
164
In base 14, what is 4 - -11c5?
11c9
In base 16, what is -1 - 1fb4?
-1fb5
In base 9, what is -5463 - -1?
-5462
In base 16, what is 1 - 18?
-17
In base 4, what is -1 - -2033?
2032
In base 12, what is 8a3 + -4?
89b
In base 15, what is -1558 - 5?
-155d
In base 2, what is 1001100 + -1010001?
-101
In base 6, what is -5 + -254?
-303
In base 12, what is -6 - 63?
-69
In base 4, what is -332 + 0?
-332
In base 16, what is 13 + 10?
23
In base 16, what is -c - d?
-19
In base 8, what is 50 - 251?
-201
In base 7, what is -20 - -12?
-5
In base 5, what is -103 - 12142?
-12300
In base 5, what is 4 + 311?
320
In base 10, what is -1 + -4171?
-4172
In base 5, what is 3104 - 10?
3044
In base 3, what is -111 + -112?
-1000
In base 11, what is -484 + 2?
-482
In base 13, what is -102 - -5?
-ca
In base 16, what is ae - 13?
9b
In base 15, what is -1bac - -2?
-1baa
In base 3, what is 212 + 201?
1120
In base 11, what is -2 + 53?
51
In base 9, what is 4 + 4264?
4268
In base 11, what is -15 - 1a?
-34
In base 10, what is 106 + -2?
104
In base 13, what is -25 + 19?
-9
In base 3, what is 120020 - 0?
120020
In base 10, what is -3 + -47?
-50
In base 7, what is 553 + -2?
551
In base 15, what is 4e - -ab?
10a
In base 5, what is -120 + -101?
-221
In base 2, what is -101000011011010 - 1?
-101000011011011
In base 14, what is -191 - -4?
-18b
In base 12, what is -5 - 88?
-91
In base 14, what is 2 + 16?
18
In base 5, what is -240 + 11?
-224
In base 16, what is -94 - -2?
-92
In base 3, what is -10 - 121201?
-121211
In base 16, what is -5 - 47?
-4c
In base 11, what is -57 + 4?
-53
In base 4, what is -10 - -301001?
300331
In base 14, what is -2 - -29?
27
In base 2, what is 11 - -110111110?
111000001
In base 16, what is 0 - -39?
39
In base 13, what is 5 + -34?
-2c
In base 14, what is -1440 + -4?
-1444
In base 3, what is 10 - 1000102?
-1000022
In base 4, what is 110103 - -20?
110123
In base 6, what is 3215 - -1?
3220
In base 13, what is 15a + 4?
161
In base 12, what is -4 + 1846?
1842
In base 5, what is -12 + -200?
-212
In base 5, what is 14 - 3?
11
In base 2, what is 11010 + 11101?
110111
In base 15, what is -de + -4?
-e3
In base 14, what is 4 + -440?
-43a
In base 5, what is 14 - 1242?
-1223
In base 8, what is 3030 - -4?
3034
In base 11, what is -3 - -8?
5
In base 9, what is -2 + -1730?
-1732
In base 12, what is 81 - -b?
90
In base 8, what is 5 + 40?
45
In base 6, what is -1 - 43?
-44
In base 9, what is 8 - -17?
26
In base 5, what is -403 - 44?
-1002
In base 7, what is -5 + -50?
-55
In base 8, what is -5 - -37?
32
In base 8, what is 4 - 23?
-17
In base 13, what is 33 - -cb?
131
In base 12, what is -238b + -1?
-2390
In base 11, what is -2 + -50?
-52
In base 9, what is 4 + -3122?
-3117
In base 7, what is -4654 + -2?
-4656
In base 14, what is -17d1 - 2?
-17d3
In base 16, what is -5 + 6e?
69
In base 12, what is -5b - 17b?
-21a
In base 5, what is 23304 + -10?
23244
In base 16, what is -f4 + -1b?
-10f
In base 6, what is -4 + 1051?
1043
In base 6, what is 1043 - -4?
1051
In base 8, what is 10 - -1326?
1336
In base 15, what is -68 - 2?
-6a
In base 13, what is 47a + -1?
479
In base 4, what is 3200 + 11?
3211
In base 14, what is -2 - 36?
-38
In base 14, what is -3 - -5?
2
In base 13, what is -65 - 4?
-69
In base 14, what is 19b + 0?
19b
In base 12, what is 4 + -134?
-130
In base 2, what is 11011 - 1111?
1100
In base 2, what is 1110011 - 1011?
1101000
In base 4, what is -12 - 320?
-332
In base 12, what is -45b - 26?
-485
In base 13, what is -81 - -21?
-60
In base 13, what is -101 + -58?
-159
In base 13, what is -329 + 4?
-325
In base 13, what is 6 + 4b?
54
In base 15, what is -b6 + 2b?
-8a
In base 14, what is 0 + -809?
-809
In base 13, what is 525 + -5?
520
In base 10, what is 6 - -2?
8
In base 2, what is -11110111 + -100?
-11111011
In base 2, what is 1100 - -10101?
100001
In base 2, what is 10010 - 11000?
-110
In base 8, what is 3 + 2003?
2006
In base 12, what is -3 + 41?
3a
In base 3, what is 222101 - -2?
222110
In base 3, what is -11020200 + 12?
-11020111
In base 7, what is -44423 - 4?
-44430
In base 14, what is -4 - 68?
-6c
In base 2, what is -111100111 - 101?
-111101100
In base 8, what is 77 - -25?
124
In base 4, what is 120 - -2?
122
In base 3, what is 211 + 22?
1010
In base 2, what is 11 - -1100?
1111
In base 11, what is 1314 + 3?
1317
In base 15, what is -38a + 12?
-378
In base 4, what is -231 + 1?
-230
In base 8, what is 3 + 100?
103
In base 14, what is 5 - 206c?
-2067
In base 6, what is -2 - -313?
311
In base 5, what is -141 + -4?
-200
In base 9, what is 2 + 52?
54
In base 12, what is 34a + -1?
349
In base 10, what is -11 + -5?
-16
In base 14, what is -3 - c8?
-cb
In base 5, what is -10 + -12?
-22
In base 13, what is -b2 - 2?
-b4
In base 14, what is -4 + -3?
-7
In base 4, what is 10 - 23102?
-23032
In base 11, what is -34a + -4?
-353
In base 10, what is -2 + -2043?
-2045
In base 10, what is -3 + -132?
-135
In base 12, what is 6 + a?
14
In base 7, what is 1235 - -4?
1242
In base 5, what is -33 + -2?
-40
In base 13, what is 4 - cb?
-c7
In base 7, what is 1 + 216?
220
In base 12, what is 6 + 107?
111
In base 12, what is 1ab - -1?
1b0
In base 6, what is -150 - -1?
-145
In base 15, what is 100 - 1?
ee
In base 8, what is 36 + 5?
43
In base 5, what is 2 - -4320?
4322
In base 9, what is 18 + 52?
71
In base 3, what is -212020 + -11?
-212101
In base 14, what is -aa2 + -1?
-aa3
In base 16, what is -4 - 19a?
-19e
In base 15, what is -274 - 24?
-298
In base 2, what is -1 + -10011?
-10100
In base 11, what is -6 - 1a?
-25
In base 2, what is -110100110 + 0?
-110100110
In base 9, what is 1 - 582?
-581
In base 16, what is 10c1 - -4?
10c5
In base 7, what is -1211 + 4?
-1204
In base 9, what is -1 + -251?
-252
In base 6, what is -25242 + -4?
-25250
In base 14, what is -43d - -1?
-43c
In base 11, what is -a5 + 13?
-92
In base 12, what is -4 - a76?
-a7a
In base 8, what is -6 + 100?
72
In base 9, what is 2 + 87?
100
In base 10, what is 4 + 3360?
3364
In base 13, what is 8 + 20?
28
In base 2, what is -1010110100 + -11?
-1010110111
In base 4, what is 1 - 10?
-3
In base 9, what is -814 + 0?
-814
In base 9, what is 2 - 40?
-37
In base 12, what is 17 + 19b?
1b6
In base 14, what is -511 - 5?
-516
In base 3, what is 10 - -101110?
101120
In base 13, what is -3ba + 0?
-3ba
In base 8, what is 105 + -12?
73
In base 2, what is -100 + -10011110?
-10100010
In base 2, what is 100 + -10011?
-1111
In base 5, what is 22103 - -1?
22104
In base 8, what is -5 - 13?
-20
In base 2, what is -1011100101 - 10111?
-1011111100
In base 8, what is 205 - -3?
210
In base 2, what is 1111011110 - 1?
1111011101
In base 16, what is 1b - 4?
17
In base 14, what is 11 + 14?
25
In base 11, what is -37 - -23?
-14
In base 4, what is 3 - -22?
31
In base 4, what is -10203 + -10?
-10213
In base 16, what is 2 + -261?
-25f
In base 2, what is 101100000 + 1?
101100001
In base 2, what is 11001110111 + 101?
11001111100
In base 7, what is -5550 + -3?
-5553
In base 8, what is -1 + 6?
5
In base 4, what is -322 + -1133?
-2121
In base 10, what is -3 + -79?
-82
In base 8, what is 5430 + 4?
5434
In base 8, what is -5 - 714?
-721
In base 5, what is 1101314 - 3?
1101311
In base 16, what is 6921 - 3?
691e
In base 16, what is -61 - -f?
-52
In base 16, what is d5f - -5?
d64
In base 16, what is -1dba - -4?
-1db6
In base 9, what is -887 - 1?
-888
In base 12, what is 43 + -10?
33
In base 2, what is -1010011100010 + -11?
-1010011100101
In base 6, what is 504 - 2?
502
In base 11, what is -166 + -a?
-175
In base 8, what is -141 + 306?
145
In base 6, what is -1124 + 5?
-1115
In base 12, what is -7 + -9a?
-a5
In base 6, what is 455 - 4?
451
In base 4, what is 101 - -120?
221
In base 7, what is 160 - 1?
156
In base 7, what is -1 + -5236?
-5240
In base 6, what is 3 + -1542?
-1535
In base 8, what is 56 + 33?
111
In base 11, what is -6 - -158?
152
In base 11, what is 2 - -203?
205
In base 8, what is -343 - -2?
-341
In base 9, what is -101 + 2?
-88
In base 8, what is -4 - 34?
